se 13, what is -20 - -a?
-13
In base 9, what is 3 - 51?
-47
In base 3, what is 222022 - -1?
222100
In base 6, what is -1142 + 3?
-1135
In base 2, what is 10000111011111 + -100?
10000111011011
In base 14, what is 2 + -121?
-11d
In base 3, what is -1020020 + 1?
-1020012
In base 3, what is -111 + 100021?
22210
In base 9, what is -32 + -58?
-101
In base 5, what is -132420 - 2?
-132422
In base 2, what is -1110110111010 - -11?
-1110110110111
In base 16, what is -7bb - 5?
-7c0
In base 13, what is 5b9 + -6?
5b3
In base 12, what is -677a - 1?
-677b
In base 11, what is 20 + 14?
34
In base 2, what is 10 + 10001100101?
10001100111
In base 4, what is -101 + 23?
-12
In base 15, what is -c + -2b?
-38
In base 13, what is -3a + 0?
-3a
In base 3, what is 1121 - 0?
1121
In base 15, what is -143 - -1?
-142
In base 15, what is -693 + -5?
-698
In base 6, what is 451 + 41?
532
In base 6, what is 50 - -114?
204
In base 5, what is -10 - -113?
103
In base 6, what is -133 - -150?
13
In base 8, what is 4 + 24?
30
In base 2, what is 10 + -10110?
-10100
In base 16, what is 4 - -1e?
22
In base 10, what is 310 + -17?
293
In base 10, what is 1 + -2?
-1
In base 6, what is -52 - -14?
-34
In base 4, what is 1121 + 3?
1130
In base 10, what is -1 + 138?
137
In base 3, what is 101 - 10112?
-10011
In base 15, what is -4 + -72?
-76
In base 15, what is -17c8 - 3?
-17cb
In base 13, what is 3 + -31c?
-319
In base 6, what is 0 - 1124?
-1124
In base 12, what is 113 + -10?
103
In base 9, what is 1 + 166?
167
In base 12, what is -12 + -6?
-18
In base 10, what is -6 - -10?
4
In base 5, what is -10 + -331?
-341
In base 4, what is 1021 - -2?
1023
In base 3, what is -2 - -12211?
12202
In base 15, what is 57 - -1?
58
In base 5, what is -3 + 1113?
1110
In base 5, what is 21 - -11?
32
In base 11, what is 4 - 451?
-448
In base 9, what is -2447 - 5?
-2453
In base 10, what is -4 + -63?
-67
In base 2, what is -10000111011011 + -101?
-10000111100000
In base 5, what is -41 - -20?
-21
In base 12, what is -2 + -66?
-68
In base 7, what is 5 + -202?
-164
In base 6, what is -14433 + -2?
-14435
In base 9, what is -125 - 22?
-147
In base 10, what is -2161 - -3?
-2158
In base 3, what is -110 + 10210?
10100
In base 14, what is 1363 + 2?
1365
In base 3, what is 12 - -21122?
21211
In base 16, what is -37 + 4?
-33
In base 13, what is -334 - 1?
-335
In base 3, what is 1202102 + 2?
1202111
In base 2, what is 11 + 1101011?
1101110
In base 16, what is -7c - -d?
-6f
In base 8, what is 2522 + 5?
2527
In base 9, what is 60 - -1?
61
In base 6, what is -524 - 4?
-532
In base 12, what is -66 - -4?
-62
In base 15, what is e9 - 3?
e6
In base 16, what is -4 + 20?
1c
In base 16, what is -35 + 3?
-32
In base 14, what is 89 + 2?
8b
In base 3, what is -101 - -102?
1
In base 15, what is 70ea - 4?
70e6
In base 12, what is 13858 - 2?
13856
In base 8, what is 10424 - 3?
10421
In base 13, what is 1 + -160b?
-160a
In base 16, what is 1 - -35?
36
In base 16, what is -17 - 8?
-1f
In base 6, what is 10 - -1313?
1323
In base 10, what is -144 - 3?
-147
In base 4, what is -1201231 + 1?
-1201230
In base 8, what is -330 + 2?
-326
In base 6, what is -31 - -43?
12
In base 11, what is 1374 + -3?
1371
In base 10, what is -12 + -5?
-17
In base 15, what is -15 + -23?
-38
In base 6, what is 1 - -1?
2
In base 7, what is -11230 - 0?
-11230
In base 2, what is -11101 - -1101001?
1001100
In base 7, what is -14 - -103?
56
In base 9, what is -47 + 144?
86
In base 8, what is -2220 - -7?
-2211
In base 8, what is -147 - -34?
-113
In base 2, what is -10 - 10001?
-10011
In base 5, what is -24422 - 2?
-24424
In base 12, what is -14 + 7?
-9
In base 14, what is -2 + -605?
-607
In base 7, what is -5 + 16041?
16033
In base 8, what is -65 - -113?
26
In base 12, what is -1a - -26?
8
In base 10, what is 18 + -292?
-274
In base 4, what is -2202 + 11?
-2131
In base 12, what is -2 + 1040?
103a
In base 8, what is -1 - 327?
-330
In base 10, what is -426 - 4?
-430
In base 12, what is -4 - 56?
-5a
In base 9, what is 338 + -3?
335
In base 12, what is 4 + -3a?
-36
In base 2, what is -110100 - 101001110?
-110000010
In base 10, what is 120 - -2?
122
In base 14, what is -52 + 3?
-4d
In base 15, what is -14c + 1?
-14b
In base 15, what is -3 + -36?
-39
In base 5, what is -41 + 4?
-32
In base 8, what is -125131 + 2?
-125127
In base 10, what is -2 + 9269?
9267
In base 14, what is -4dc + 15?
-4c7
In base 14, what is 29 + -2?
27
In base 11, what is 20 + 13?
33
In base 14, what is -428 - -3?
-425
In base 10, what is 2 + -10?
-8
In base 4, what is 1 + -1022203?
-1022202
In base 3, what is 11 + 22120?
22201
In base 15, what is -6 - -9?
3
In base 11, what is 4508 + -2?
4506
In base 6, what is -14034 + 0?
-14034
In base 8, what is 1 - -310?
311
In base 14, what is -55bd - 3?
-55c2
In base 8, what is -123 + -6?
-131
In base 13, what is -5 + a96?
a91
In base 4, what is -13221 - -1?
-13220
In base 5, what is -10 - -401?
341
In base 12, what is -6 - 193?
-199
In base 14, what is 3 + 35?
38
In base 13, what is 931 - -2?
933
In base 7, what is 1 + -12113?
-12112
In base 3, what is -1020 - -100?
-220
In base 12, what is 4 + -39a?
-396
In base 3, what is 2121121 + 1?
2121122
In base 15, what is 5 - 2b?
-26
In base 6, what is 3 - -2252?
2255
In base 10, what is 482 + -3?
479
In base 10, what is 30 + 213?
243
In base 2, what is 10001100 + 1?
10001101
In base 3, what is -11 + -100222?
-101010
In base 3, what is 12 + -110?
-21
In base 6, what is -220 - 2?
-222
In base 8, what is -466 - -47?
-417
In base 9, what is 5 + 132?
137
In base 8, what is -54 - 75?
-151
In base 13, what is 5 + -1c?
-17
In base 8, what is 120 + 10?
130
In base 7, what is -10 + -3423?
-3433
In base 11, what is 31 - -21?
52
In base 7, what is -145 + 3?
-142
In base 6, what is 2 - 403?
-401
In base 3, what is 0 - -2101020?
2101020
In base 13, what is -2 - 375?
-377
In base 3, what is -102 + -102000?
-102102
In base 6, what is 54 + 54?
152
In base 11, what is 380a + 1?
3810
In base 10, what is -1142 + 5?
-1137
In base 2, what is -100 - 1001111000?
-1001111100
In base 8, what is 2 - 24?
-22
In base 15, what is -1b7 + 16?
-1a1
In base 7, what is 121 + 64?
215
In base 7, what is 456 + -13?
443
In base 9, what is -31 - -17?
-13
In base 12, what is -23 + -9?
-30
In base 5, what is 1420 - 34?
1331
In base 7, what is 320 - 4?
313
In base 11, what is 0 + 162?
162
In base 7, what is 22 - 122?
-100
In base 2, what is -1111010100110 + 101?
-1111010100001
In base 11, what is 0 + -12?
-12
In base 14, what is 0 - d52?
-d52
In base 16, what is 5 + -195?
-190
In base 15, what is -695 + 3?
-692
In base 7, what is -4 + 262?
255
In base 2, what is 1110 + -1000?
110
In base 8, what is 24150 - -4?
24154
In base 12, what is -5ab2 - -5?
-5aa9
In base 9, what is -105 + 3?
-102
In base 13, what is 25 + -4?
21
In base 5, what is 2131 - 4?
2122
In base 5, what is -140240 + -10?
-140300
In base 6, what is 23 - -1212?
1235
In base 10, what is -5 - 708?
-713
In base 15, what is 1de + 4?
1e3
In base 8, what is 536 + 4?
542
In base 15, what is -a - 3d?
-48
In base 2, what is 111 - -100001001?
100010000
In base 10, what is -4 - 51?
-55
In base 2, what is -1 + 1001100101?
1001100100
In base 13, what is 1 + 1391?
1392
In base 2, what is -1 + 11111100?
11111011
In base 10, what is 2 - 1237?
-1235
In base 14, what is -44c + 1?
-44b
In base 5, what is -1 + -423?
-424
In base 9, what is -611 + -3?
-614
In base 5, what is 2413 + -4?
2404
In base 7, what is 2601 + 1?
2602
In base 16, what is 3a + -5?
35
In base 15, what is 12 + -6c?
-5a
In base 2, what is -1010 - -1011110?
1010100
In base 8, what is 1140 - 2?
1136
In base 15, what is 3 - 2c1?
-2bd
In base 7, what is -5 - 3516?
-3524
In base 3, what is -11001200 + -2?
-11001202
In base 5, what is -4 - 23040?
-23044
In base 8, what is -14721 - 2?
-14723
In base 7, what is -15 + 126?
111
In base 15, what is -8 - -2?
-6
In base 9, what is -20 - -160?
140
In base 3, what is 11 - -10201110?
10201121
In base 11, what is 4 + -1698?
-1694
In base 11, what is -115 + 45?
-80
In base 6, what is 1 - -104?
105
In base 2, what is -1100 - -110001?
100101
In base 10, what is 241 - 0?
241
In base 12, what is 11 - 53?
-42
In base 2, what is -1 - -11111011?
11111010
In base 3, what is 2 + 22?
101
In base 13, what is 15a + -3?
157
In base 9, w